{"id":2289,"date":"2025-01-21T15:52:56","date_gmt":"2025-01-21T13:52:56","guid":{"rendered":"https:\/\/avocatkisiulia.ro\/felhasznalasi-feltetelek\/"},"modified":"2026-03-18T14:09:54","modified_gmt":"2026-03-18T12:09:54","slug":"felhasznalasi-feltetelek","status":"publish","type":"page","link":"https:\/\/avocatkisiulia.ro\/hu\/felhasznalasi-feltetelek\/","title":{"rendered":"Felhaszn\u00e1l\u00e1si felt\u00e9telek"},"content":{"rendered":"<style>.kb-row-layout-id24_98a6cd-39 > .kt-row-column-wrap{align-content:start;}:where(.kb-row-layout-id24_98a6cd-39 > .kt-row-column-wrap) > .wp-block-kadence-column{justify-content:start;}.kb-row-layout-id24_98a6cd-39 > .kt-row-column-wrap{column-gap:var(--global-kb-gap-md, 2rem);row-gap:var(--global-kb-gap-md, 2rem);max-width:var( --global-content-width, 1290px );padding-left:var(--global-content-edge-padding);padding-right:var(--global-content-edge-padding);padding-top:var(--global-kb-spacing-xxl, 5rem);padding-bottom:var(--global-kb-spacing-xxl, 5rem);grid-template-columns:minmax(0, 1fr);}.kb-row-layout-id24_98a6cd-39 > .kt-row-layout-overlay{opacity:0.30;}@media all and (max-width: 1024px){.kb-row-layout-id24_98a6cd-39 > .kt-row-column-wrap{grid-template-columns:minmax(0, 1fr);}}@media all and (max-width: 767px){.kb-row-layout-id24_98a6cd-39 > .kt-row-column-wrap{grid-template-columns:minmax(0, 1fr);}}<\/style><div class=\"kb-row-layout-wrap kb-row-layout-id24_98a6cd-39 alignnone wp-block-kadence-rowlayout\"><div class=\"kt-row-column-wrap kt-has-1-columns kt-row-layout-equal kt-tab-layout-inherit kt-mobile-layout-row kt-row-valign-top kb-theme-content-width\">\n<style>.kadence-column24_be77e9-9c > .kt-inside-inner-col,.kadence-column24_be77e9-9c > .kt-inside-inner-col:before{border-top-left-radius:0px;border-top-right-radius:0px;border-bottom-right-radius:0px;border-bottom-left-radius:0px;}.kadence-column24_be77e9-9c > .kt-inside-inner-col{column-gap:var(--global-kb-gap-sm, 1rem);}.kadence-column24_be77e9-9c > .kt-inside-inner-col{flex-direction:column;}.kadence-column24_be77e9-9c > .kt-inside-inner-col > .aligncenter{width:100%;}.kadence-column24_be77e9-9c > .kt-inside-inner-col:before{opacity:0.3;}.kadence-column24_be77e9-9c{position:relative;}@media all and (max-width: 1024px){.kadence-column24_be77e9-9c > .kt-inside-inner-col{flex-direction:column;justify-content:center;}}@media all and (max-width: 767px){.kadence-column24_be77e9-9c > .kt-inside-inner-col{flex-direction:column;justify-content:center;}}<\/style>\n<div class=\"wp-block-kadence-column kadence-column24_be77e9-9c\"><div class=\"kt-inside-inner-col\">\n<h1 class=\"wp-block-heading has-text-align-center\"><strong>FELHASZN\u00c1L\u00c1SI FELT\u00c9TELEK<\/strong><\/h1>\n\n\n\n<p>A <a href=\"https:\/\/www.avocatkisiulia.ro\" data-type=\"link\" data-id=\"https:\/\/www.avocatkisiulia.ro\">www.avocatkisiulia.ro<\/a> a Kis J\u00falia \u00dcgyv\u00e9di Iroda bemutatkoz\u00f3 weboldala, amelynek sz\u00e9khelye: Kolozsv\u00e1r, I.P.Voite\u0219ti utca 1-3.sz\u00e1m, 1.T\u00f6mb, 1.lh., 1.ap., Cluj megye, Rom\u00e1nia, tov\u00e1bbi el\u00e9rhet\u0151s\u00e9gek telefonon a <a href=\"tel:+40 744 705 213\" target=\"_blank\" data-type=\"tel\" data-id=\"tel:+40 744 705 213\" rel=\"noreferrer noopener\">+40 744 705 213<\/a> telefonsz\u00e1mon vagy emailben <a href=\"mailto:office@avocatkisiulia.ro\">office@avocatkisiulia.ro<\/a> c\u00edmen.<\/p>\n\n\n\n\n\n<p>A weboldal l\u00e1togat\u00e1sa az al\u00e1bbiakban bemutatott felt\u00e9telek elfogad\u00e1s\u00e1t jelenti. A weboldal t\u00e1j\u00e9koztat\u00f3 jelleg\u0171, bemutatja az \u00dcgyv\u00e9di Irod\u00e1t, azokat a jogi ter\u00fcleteket, amelyeken jogi szolg\u00e1ltat\u00e1sokat ny\u00fajt, az iroda munkat\u00e1rsait, el\u00e9rhet\u0151s\u00e9geit, valamint az \u00fcgyv\u00e9di iroda tev\u00e9kenys\u00e9g\u00e9vel kapcsolatos egy\u00e9b inform\u00e1ci\u00f3kat. Ez az oldal a szerz\u0151i jogra vonatkoz\u00f3 hat\u00e1lyos jogi norm\u00e1knak, valamint az \u00fcgyv\u00e9di szakma szervez\u00e9s\u00e9re \u00e9s gyakorl\u00e1s\u00e1ra vonatkoz\u00f3 51\/1991. sz. t\u00f6rv\u00e9nyben \u00e9s a szakma alapszab\u00e1ly\u00e1ban el\u0151\u00edrt szab\u00e1lyoknak megfelel\u0151en j\u00f6tt l\u00e9tre. <\/p>\n\n\n\n<p>A webhely l\u00e1togat\u00f3i \u00e9s felhaszn\u00e1l\u00f3i elfogadj\u00e1k \u00e9s beleegyeznek abba, hogy az oldalon tal\u00e1lhat\u00f3 inform\u00e1ci\u00f3kat saj\u00e1t felel\u0151ss\u00e9g\u00fckre haszn\u00e1lj\u00e1k, a megadott inform\u00e1ci\u00f3k \u00e1ltal\u00e1nos jelleg\u0171ek, nem helyettes\u00edthetik a jogi tan\u00e1csad\u00e1st, \u00e9s nem hoznak l\u00e9tre \u00fcgyf\u00e9l-\u00fcgyv\u00e9d kapcsolatot. Az \u00dcgyv\u00e9di Iroda nem v\u00e1llal felel\u0151ss\u00e9get az oldal haszn\u00e1lat\u00e1b\u00f3l ered\u0151 k\u00f6zvetlen vagy k\u00f6zvetett k\u00e1rok\u00e9rt.<\/p>\n\n\n\n<p>Az oldal tartalma, bele\u00e9rtve a sz\u00f6veget, fot\u00f3kat, grafik\u00e1kat, arculatot, fejl\u00e9cet, log\u00f3kat, illusztr\u00e1ci\u00f3kat, cikkeket, vide\u00f3kat stb., a Kis J\u00falia \u00dcgyv\u00e9di Iroda kiz\u00e1r\u00f3lagos tulajdon\u00e1t k\u00e9pezi, ez\u00e9rt tilos a tartalom m\u00f3dos\u00edt\u00e1sa, sokszoros\u00edt\u00e1sa vagy b\u00e1rmilyen m\u00e1s form\u00e1ban t\u00f6rt\u00e9n\u0151 felhaszn\u00e1l\u00e1sa, hozz\u00e1j\u00e1rul\u00e1s n\u00e9lk\u00fcl.<\/p>\n\n\n\n<p>A szem\u00e9lyes adatokkal kapcsolatos inform\u00e1ci\u00f3kat az adatv\u00e9delemre vonatkoz\u00f3 r\u00e9szlegen tekintheti meg. <\/p>\n\n\n\n<p>Fenntartjuk a jogot, hogy b\u00e1rmikor, el\u0151zetes \u00e9rtes\u00edt\u00e9s n\u00e9lk\u00fcl m\u00f3dos\u00edtsuk a webhely tartalm\u00e1t, az<a href=\"https:\/\/avocatkisiulia.ro\/hu\/adatkezelesi-tajekoztato\/\" data-type=\"page\" data-id=\"2311\"> Adatv\u00e9delmi t\u00e1j\u00e9koztat\u00f3t<\/a> vagy a <a href=\"https:\/\/avocatkisiulia.ro\/hu\/felhasznalasi-feltetelek\/\" data-type=\"page\" data-id=\"24\">Felhaszn\u00e1l\u00e1si felt\u00e9teleket<\/a>. Ha nem \u00e9rt egyet a m\u00f3dos\u00edt\u00e1sokkal, k\u00e9rj\u00fck, azonnal hagyja abba a weboldal haszn\u00e1lat\u00e1t, ellenkez\u0151 esetben \u00fagy tekintj\u00fck, hogy elfogadja a felt\u00e9teleket.<\/p>\n<\/div><\/div>\n\n<\/div><\/div>","protected":false},"excerpt":{"rendered":"<p>A avocatkisiulia.ro weboldal felhaszn\u00e1l\u00e1si felt\u00e9telei \u2014 Kis Iulia \u00dcgyv\u00e9di Iroda, Kolozsv\u00e1r.<\/p>\n","protected":false},"author":1,"featured_media":0,"parent":0,"menu_order":0,"comment_status":"closed","ping_status":"closed","template":"","meta":{"_kad_blocks_custom_css":"","_kad_blocks_head_custom_js":"","_kad_blocks_body_custom_js":"","_kad_blocks_footer_custom_js":"","_kadence_starter_templates_imported_post":false,"_kad_post_transparent":"","_kad_post_title":"","_kad_post_layout":"","_kad_post_sidebar_id":"","_kad_post_content_style":"","_kad_post_vertical_padding":"","_kad_post_feature":"","_kad_post_feature_position":"","_kad_post_header":false,"_kad_post_footer":false,"_kad_post_classname":"","footnotes":""},"class_list":["post-2289","page","type-page","status-publish","hentry"],"taxonomy_info":[],"featured_image_src_large":false,"author_info":{"display_name":"taki","author_link":"https:\/\/avocatkisiulia.ro\/hu\/author\/taki\/"},"comment_info":0,"_links":{"self":[{"href":"https:\/\/avocatkisiulia.ro\/hu\/wp-json\/wp\/v2\/pages\/2289","targetHints":{"allow":["GET"]}}],"collection":[{"href":"https:\/\/avocatkisiulia.ro\/hu\/wp-json\/wp\/v2\/pages"}],"about":[{"href":"https:\/\/avocatkisiulia.ro\/hu\/wp-json\/wp\/v2\/types\/page"}],"author":[{"embeddable":true,"href":"https:\/\/avocatkisiulia.ro\/hu\/wp-json\/wp\/v2\/users\/1"}],"replies":[{"embeddable":true,"href":"https:\/\/avocatkisiulia.ro\/hu\/wp-json\/wp\/v2\/comments?post=2289"}],"version-history":[{"count":5,"href":"https:\/\/avocatkisiulia.ro\/hu\/wp-json\/wp\/v2\/pages\/2289\/revisions"}],"predecessor-version":[{"id":2476,"href":"https:\/\/avocatkisiulia.ro\/hu\/wp-json\/wp\/v2\/pages\/2289\/revisions\/2476"}],"wp:attachment":[{"href":"https:\/\/avocatkisiulia.ro\/hu\/wp-json\/wp\/v2\/media?parent=2289"}],"curies":[{"name":"wp","href":"https:\/\/api.w.org\/{rel}","templated":true}]}}

Felhasználási feltételek

<style>.kb-row-layout-id24_98a6cd-39 > .kt-row-column-wrap{align-content:start;}:where(.kb-row-layout-id24_98a6cd-39 > .kt-row-column-wrap) > .wp-block-kadence-column{justify-content:start;}.kb-row-layout-id24_98a6cd-39 > .kt-row-column-wrap{column-gap:var(--global-kb-gap-md, 2rem);row-gap:var(--global-kb-gap-md, 2rem);max-width:var( --global-content-width, 1290px );padding-left:var(--global-content-edge-padding);padding-right:var(--global-content-edge-padding);padding-top:var(--global-kb-spacing-xxl, 5rem);padding-bottom:var(--global-kb-spacing-xxl, 5rem);grid-template-columns:minmax(0, 1fr);}.kb-row-layout-id24_98a6cd-39 > .kt-row-layout-overlay{opacity:0.30;}@media all and (max-width: 1024px){.kb-row-layout-id24_98a6cd-39 > .kt-row-column-wrap{grid-template-columns:minmax(0, 1fr);}}@media all and (max-width: 767px){.kb-row-layout-id24_98a6cd-39 > .kt-row-column-wrap{grid-template-columns:minmax(0, 1fr);}}</style><div class="kb-row-layout-wrap kb-row-layout-id24_98a6cd-39 alignnone wp-block-kadence-rowlayout"><div class="kt-row-column-wrap kt-has-1-columns kt-row-layout-equal kt-tab-layout-inherit kt-mobile-layout-row kt-row-valign-top kb-theme-content-width">
<style>.kadence-column24_be77e9-9c > .kt-inside-inner-col,.kadence-column24_be77e9-9c > .kt-inside-inner-col:before{border-top-left-radius:0px;border-top-right-radius:0px;border-bottom-right-radius:0px;border-bottom-left-radius:0px;}.kadence-column24_be77e9-9c > .kt-inside-inner-col{column-gap:var(--global-kb-gap-sm, 1rem);}.kadence-column24_be77e9-9c > .kt-inside-inner-col{flex-direction:column;}.kadence-column24_be77e9-9c > .kt-inside-inner-col > .aligncenter{width:100%;}.kadence-column24_be77e9-9c > .kt-inside-inner-col:before{opacity:0.3;}.kadence-column24_be77e9-9c{position:relative;}@media all and (max-width: 1024px){.kadence-column24_be77e9-9c > .kt-inside-inner-col{flex-direction:column;justify-content:center;}}@media all and (max-width: 767px){.kadence-column24_be77e9-9c > .kt-inside-inner-col{flex-direction:column;justify-content:center;}}</style>
<div class="wp-block-kadence-column kadence-column24_be77e9-9c"><div class="kt-inside-inner-col">
<h1 class="wp-block-heading has-text-align-center"><strong>FELHASZNÁLÁSI FELTÉTELEK</strong></h1>



<p>A <a href="https://www.avocatkisiulia.ro" data-type="link" data-id="https://www.avocatkisiulia.ro">www.avocatkisiulia.ro</a> a Kis Júlia Ügyvédi Iroda bemutatkozó weboldala, amelynek székhelye: Kolozsvár, I.P.Voitești utca 1-3.szám, 1.Tömb, 1.lh., 1.ap., Cluj megye, Románia, további elérhetőségek telefonon a <a href="tel:+40 744 705 213" target="_blank" data-type="tel" data-id="tel:+40 744 705 213" rel="noreferrer noopener">+40 744 705 213</a> telefonszámon vagy emailben <a href="mailto:office@avocatkisiulia.ro">office@avocatkisiulia.ro</a> címen.</p>





<p>A weboldal látogatása az alábbiakban bemutatott feltételek elfogadását jelenti. A weboldal tájékoztató jellegű, bemutatja az Ügyvédi Irodát, azokat a jogi területeket, amelyeken jogi szolgáltatásokat nyújt, az iroda munkatársait, elérhetőségeit, valamint az ügyvédi iroda tevékenységével kapcsolatos egyéb információkat. Ez az oldal a szerzői jogra vonatkozó hatályos jogi normáknak, valamint az ügyvédi szakma szervezésére és gyakorlására vonatkozó 51/1991. sz. törvényben és a szakma alapszabályában előírt szabályoknak megfelelően jött létre. </p>



<p>A webhely látogatói és felhasználói elfogadják és beleegyeznek abba, hogy az oldalon található információkat saját felelősségükre használják, a megadott információk általános jellegűek, nem helyettesíthetik a jogi tanácsadást, és nem hoznak létre ügyfél-ügyvéd kapcsolatot. Az Ügyvédi Iroda nem vállal felelősséget az oldal használatából eredő közvetlen vagy közvetett károkért.</p>



<p>Az oldal tartalma, beleértve a szöveget, fotókat, grafikákat, arculatot, fejlécet, logókat, illusztrációkat, cikkeket, videókat stb., a Kis Júlia Ügyvédi Iroda kizárólagos tulajdonát képezi, ezért tilos a tartalom módosítása, sokszorosítása vagy bármilyen más formában történő felhasználása, hozzájárulás nélkül.</p>



<p>A személyes adatokkal kapcsolatos információkat az adatvédelemre vonatkozó részlegen tekintheti meg. </p>



<p>Fenntartjuk a jogot, hogy bármikor, előzetes értesítés nélkül módosítsuk a webhely tartalmát, az<a href="https://avocatkisiulia.ro/hu/adatkezelesi-tajekoztato/" data-type="page" data-id="2311"> Adatvédelmi tájékoztatót</a> vagy a <a href="https://avocatkisiulia.ro/hu/felhasznalasi-feltetelek/" data-type="page" data-id="24">Felhasználási feltételeket</a>. Ha nem ért egyet a módosításokkal, kérjük, azonnal hagyja abba a weboldal használatát, ellenkező esetben úgy tekintjük, hogy elfogadja a feltételeket.</p>
</div></div>

</div></div>

<p>A avocatkisiulia.ro weboldal felhasználási feltételei — Kis Iulia Ügyvédi Iroda, Kolozsvár.</p>
